21520.
5380
What is the highest common divisor of 35 and 2073904?
7
Calculate the greatest common divisor of 5149 and 14174.
19
What is the highest common divisor of 8088 and 734808?
24
Calculate the greatest common factor of 16960236 and 285.
57
What is the greatest common divisor of 4425043 and 139195?
679
What is the highest common factor of 4795049 and 248?
31
What is the greatest common factor of 2603709 and 25701?
1977
Calculate the greatest common factor of 193453 and 49699.
13
Calculate the highest common factor of 52 and 51959076.
52
What is the greatest common factor of 48 and 2121424?
16
What is the highest common divisor of 1463 and 12863?
19
What is the highest common divisor of 10761139 and 271?
271
What is the highest common divisor of 656 and 1114494800?
656
Calculate the greatest common divisor of 13094264 and 6516.
724
Calculate the highest common divisor of 30397875 and 618.
309
What is the greatest common divisor of 3264 and 339446208?
3264
Calculate the highest common divisor of 4998542 and 1278.
142
What is the greatest common factor of 540 and 242371044?
36
What is the greatest common factor of 6433 and 34083?
7
What is the greatest common divisor of 40 and 22617720?
40
What is the greatest common divisor of 997861290 and 45?
15
What is the highest common divisor of 175 and 3671878?
7
What is the greatest common factor of 15775008 and 24?
24
What is the highest common divisor of 60357003 and 4974?
2487
Calculate the highest common divisor of 10814 and 5281.
1
What is the greatest common factor of 31164 and 51071118?
2226
What is the highest common divisor of 1004 and 22528756?
1004
What is the greatest common factor of 348 and 464375260?
116
Calculate the greatest common factor of 8173 and 5618814905.
8173
Calculate the greatest common factor of 37787937 and 242.
121
What is the greatest common factor of 956 and 227767?
239
Calculate the greatest common divisor of 2072 and 19498815.
259
What is the greatest common factor of 158 and 1591681414?
158
Calculate the greatest common factor of 124672 and 299505.
487
What is the greatest common divisor of 11980712 and 1624?
232
What is the greatest common divisor of 314 and 21033918?
314
What is the greatest common divisor of 3111180 and 10980?
60
What is the greatest common divisor of 843813 and 4031?
29
What is the greatest common factor of 118265 and 695093?
763
What is the highest common factor of 1258737305 and 29715?
9905
What is the greatest common factor of 38953794 and 26598?
2046
Calculate the highest common divisor of 594183 and 22089.
111
What is the greatest common divisor of 13178208 and 96?
96
What is the greatest common factor of 20689 and 141967?
17
Calculate the highest common divisor of 78 and 148839366.
78
Calculate the greatest common divisor of 3425500 and 1767.
31
Calculate the highest common divisor of 556 and 261840972.
556
What is the greatest common factor of 98810 and 6933570?
2410
What is the highest common factor of 263 and 42330113?
263
Calculate the highest common factor of 2068 and 320684.
4
What is the highest common divisor of 78902491 and 3?
1
What is the greatest common divisor of 1058 and 10246201?
529
What is the highest common factor of 3053840 and 221840?
4720
Calculate the highest common divisor of 424245990 and 61950.
12390
Calculate the greatest common divisor of 5612440 and 80.
40
What is the highest common factor of 66192 and 407734446?
8274
What is the highest common divisor of 91732 and 2373727?
323
Calculate the greatest common divisor of 10388 and 669634.
98
Calculate the highest common factor of 6692976 and 10944.
144
Calculate the highest common factor of 366170 and 170730.
70
What is the greatest common factor of 9 and 131709888?
9
Calculate the greatest common divisor of 12077299 and 52.
13
Calculate the highest common divisor of 4708 and 1048652.
44
Calculate the highest common factor of 8871713 and 72967.
131
Calculate the highest common factor of 365484476 and 112.
28
Calculate the highest common factor of 956 and 32068.
4
Calculate the greatest common factor of 7381 and 6451115.
121
Calculate the highest common divisor of 4023 and 3836997.
27
What is the highest common divisor of 30301338 and 177?
177
Calculate the highest common factor of 205682452 and 4016.
1004
What is the greatest common factor of 18791 and 14542256?
989
What is the greatest common factor of 21304142 and 5667?
1889
Calculate the highest common divisor of 11466 and 8509410.
1638
What is the highest common factor of 1248536 and 1256?
8
Calculate the highest common divisor of 657436477 and 591.
197
Calculate the greatest common factor of 26144 and 6437276.
76
Calculate the greatest common factor of 11874487 and 19.
19
What is the greatest common divisor of 405944895 and 164?
41
What is the highest common factor of 298485 and 186120?
495
What is the greatest common divisor of 14912 and 102190072?
1864
Calculate the greatest common factor of 102546314 and 148.
74
What is the highest common factor of 22252819 and 19?
19
What is the highest common divisor of 217301097 and 312?
39
What is the highest common factor of 18704128 and 1664?
128
Calculate the greatest common factor of 11690 and 8815930.
1670
What is the highest common divisor of 9835480 and 380?
20
What is the greatest common divisor of 18 and 3622665762?
18
Calculate the greatest common factor of 2658031 and 138111.
2423
Calculate the highest common factor of 52 and 16305822.
26
Calculate the highest common factor of 3131947980 and 30.
30
What is the highest common divisor of 2252174514 and 386?
386
What is the greatest common divisor of 9032 and 291706504?
9032
What is the highest common factor of 2347968 and 508377?
5241
What is the greatest common divisor of 1940 and 8298770?
10
Calculate the highest common divisor of 3392 and 644268.
212
Calculate the greatest common factor of 519 and 16840339.
173
Calculate the greatest common factor of 4516278 and 2418.
78
Calculate the highest common divisor of 8 and 13748968.
8
Calculate the highest common divisor of 90871 and 61039.
11
Calculate the highest common divisor of 3750672 and 656.
16
Calculate the greatest common divisor of 504 and 59587752.
168
Calculate the highest common factor of 4828 and 63835.
17
Calculate the highest common divisor of 20603 and 20483128.
1873
Calculate the highest common divisor of 92 and 8211512.
4
What is the greatest common factor of 1667928025 and 393?
131
Calculate the highest common divisor of 469390 and 324704.
146
Calculate the greatest common factor of 14685 and 1485.
165
Calculate the highest common factor of 6464 and 56591512.
808
What is the highest common divisor of 1309171 and 77367?
1517
Calculate the highest common factor of 14 and 2220498.
14
Calculate the highest common factor of 15903 and 352241.
19
What is the highest common divisor of 9995 and 273335264?
1999
What is the greatest common divisor of 4528546 and 484?
242
What is the highest common factor of 32 and 6375136?
32
Calculate the greatest common factor of 14345072 and 316652.
7364
Calculate the greatest common factor of 1963 and 14196265.
151
What is the greatest common divisor of 47278 and 86240?
154
What is the greatest common divisor of 930801666 and 2994?
2994
What is the highest common divisor of 4182 and 31341507?
123
What is the greatest common factor of 673098 and 8772?
102
What is the highest common factor of 3237384 and 1419?
129
Calculate the greatest common divisor of 79131 and 81900.
39
Calculate the highest common factor of 78261845 and 3175.
635
What is the highest common factor of 30212 and 522340?
364
Calculate the greatest common factor of 147384 and 57583.
89
Calculate the greatest common factor of 146 and 142703758.
146
What is the greatest common factor of 38570 and 9741970?
2030
Calculate the highest common divisor of 19328893 and 1979.
1979
Calculate the highest common factor of 255 and 449430.
15
Calculate the greatest common divisor of 478122 and 30.
6
Calculate the greatest common factor of 10837505 and 6020.
1505
Calculate the greatest common factor of 434453 and 11975.
479
What is the highest common divisor of 12604299 and 1104?
69
What is the greatest common divisor of 483 and 1779393?
21
Calculate the greates